{"id":2,"date":"2024-02-14T12:32:08","date_gmt":"2024-02-14T11:32:08","guid":{"rendered":"https:\/\/cuentoslunares.com\/?page_id=2"},"modified":"2024-02-15T13:56:26","modified_gmt":"2024-02-15T12:56:26","slug":"pagina-ejemplo","status":"publish","type":"page","link":"https:\/\/cuentoslunares.com\/","title":{"rendered":""},"content":{"rendered":"\t\t<div data-elementor-type=\"wp-page\" data-elementor-id=\"2\" class=\"elementor elementor-2\">\n\t\t\t\t<div class=\"elementor-element elementor-element-d536004 e-flex e-con-boxed e-con e-parent\" data-id=\"d536004\" data-element_type=\"container\" data-settings=\"{&quot;content_width&quot;:&quot;boxed&quot;}\" data-core-v316-plus=\"true\">\n\t\t\t\t\t<div class=\"e-con-inner\">\n\t\t\t\t<div class=\"elementor-element elementor-element-154e3e9 elementor-widget elementor-widget-image\" data-id=\"154e3e9\" data-element_type=\"widget\" data-widget_type=\"image.default\">\n\t\t\t\t<div class=\"elementor-widget-container\">\n\t\t\t<style>\/*! elementor - v3.19.0 - 07-02-2024 *\/\n.elementor-widget-image{text-align:center}.elementor-widget-image a{display:inline-block}.elementor-widget-image a img[src$=\".svg\"]{width:48px}.elementor-widget-image img{vertical-align:middle;display:inline-block}<\/style>\t\t\t\t\t\t\t\t\t\t<img fetchpriority=\"high\" decoding=\"async\" width=\"1024\" height=\"576\" src=\"https:\/\/cuentoslunares.com\/wp-content\/uploads\/2024\/02\/portada-web-1-1024x576.png\" class=\"attachment-large size-large wp-image-113\" alt=\"\" srcset=\"https:\/\/cuentoslunares.com\/wp-content\/uploads\/2024\/02\/portada-web-1-1024x576.png 1024w, https:\/\/cuentoslunares.com\/wp-content\/uploads\/2024\/02\/portada-web-1-300x169.png 300w, https:\/\/cuentoslunares.com\/wp-content\/uploads\/2024\/02\/portada-web-1-768x432.png 768w, https:\/\/cuentoslunares.com\/wp-content\/uploads\/2024\/02\/portada-web-1-1536x864.png 1536w, https:\/\/cuentoslunares.com\/wp-content\/uploads\/2024\/02\/portada-web-1-850x478.png 850w, https:\/\/cuentoslunares.com\/wp-content\/uploads\/2024\/02\/portada-web-1.png 1920w\" sizes=\"(max-width: 1024px) 100vw, 1024px\" \/>\t\t\t\t\t\t\t\t\t\t\t\t\t<\/div>\n\t\t\t\t<\/div>\n\t\t\t\t\t<\/div>\n\t\t\t\t<\/div>\n\t\t<div class=\"elementor-element elementor-element-4621d35 e-con-full e-flex e-con e-parent\" data-id=\"4621d35\" data-element_type=\"container\" data-settings=\"{&quot;content_width&quot;:&quot;full&quot;}\" data-core-v316-plus=\"true\">\n\t\t<div class=\"elementor-element elementor-element-1d170e5 e-con-full e-flex e-con e-child\" data-id=\"1d170e5\" data-element_type=\"container\" data-settings=\"{&quot;content_width&quot;:&quot;full&quot;}\">\n\t\t\t\t<div class=\"elementor-element elementor-element-90806dc elementor-widget elementor-widget-image\" data-id=\"90806dc\" data-element_type=\"widget\" data-widget_type=\"image.default\">\n\t\t\t\t<div class=\"elementor-widget-container\">\n\t\t\t\t\t\t\t\t\t\t\t\t\t<img decoding=\"async\" width=\"1024\" height=\"180\" src=\"https:\/\/cuentoslunares.com\/wp-content\/uploads\/2024\/02\/Disponible-en-1024x180.png\" class=\"attachment-large size-large wp-image-62\" alt=\"\" srcset=\"https:\/\/cuentoslunares.com\/wp-content\/uploads\/2024\/02\/Disponible-en-1024x180.png 1024w, https:\/\/cuentoslunares.com\/wp-content\/uploads\/2024\/02\/Disponible-en-300x53.png 300w, https:\/\/cuentoslunares.com\/wp-content\/uploads\/2024\/02\/Disponible-en-768x135.png 768w, https:\/\/cuentoslunares.com\/wp-content\/uploads\/2024\/02\/Disponible-en-1536x270.png 1536w, https:\/\/cuentoslunares.com\/wp-content\/uploads\/2024\/02\/Disponible-en-850x149.png 850w, https:\/\/cuentoslunares.com\/wp-content\/uploads\/2024\/02\/Disponible-en.png 1993w\" sizes=\"(max-width: 1024px) 100vw, 1024px\" \/>\t\t\t\t\t\t\t\t\t\t\t\t\t<\/div>\n\t\t\t\t<\/div>\n\t\t\t\t<\/div>\n\t\t<div class=\"elementor-element elementor-element-6a20d64 e-con-full e-flex e-con e-child\" data-id=\"6a20d64\" data-element_type=\"container\" data-settings=\"{&quot;content_width&quot;:&quot;full&quot;}\">\n\t\t\t\t<div class=\"elementor-element elementor-element-269424e elementor-widget elementor-widget-image\" data-id=\"269424e\" data-element_type=\"widget\" data-widget_type=\"image.default\">\n\t\t\t\t<div class=\"elementor-widget-container\">\n\t\t\t\t\t\t\t\t\t\t\t\t\t\t<a href=\"https:\/\/www.amazon.es\/dp\/B0CK53QBP2\" target=\"_blank\">\n\t\t\t\t\t\t\t<img decoding=\"async\" width=\"988\" height=\"266\" src=\"https:\/\/cuentoslunares.com\/wp-content\/uploads\/2024\/02\/kdp.png\" class=\"attachment-large size-large wp-image-63\" alt=\"\" srcset=\"https:\/\/cuentoslunares.com\/wp-content\/uploads\/2024\/02\/kdp.png 988w, https:\/\/cuentoslunares.com\/wp-content\/uploads\/2024\/02\/kdp-300x81.png 300w, https:\/\/cuentoslunares.com\/wp-content\/uploads\/2024\/02\/kdp-768x207.png 768w, https:\/\/cuentoslunares.com\/wp-content\/uploads\/2024\/02\/kdp-850x229.png 850w\" sizes=\"(max-width: 988px) 100vw, 988px\" \/>\t\t\t\t\t\t\t\t<\/a>\n\t\t\t\t\t\t\t\t\t\t\t\t\t<\/div>\n\t\t\t\t<\/div>\n\t\t\t\t<\/div>\n\t\t\t\t<\/div>\n\t\t<div class=\"elementor-element elementor-element-25cfbd9 e-flex e-con-boxed e-con e-parent\" data-id=\"25cfbd9\" data-element_type=\"container\" data-settings=\"{&quot;content_width&quot;:&quot;boxed&quot;}\" data-core-v316-plus=\"true\">\n\t\t\t\t\t<div class=\"e-con-inner\">\n\t\t\t\t<div class=\"elementor-element elementor-element-dadb050 elementor-widget elementor-widget-text-editor\" data-id=\"dadb050\" data-element_type=\"widget\" data-widget_type=\"text-editor.default\">\n\t\t\t\t<div class=\"elementor-widget-container\">\n\t\t\t<style>\/*! elementor - v3.19.0 - 07-02-2024 *\/\n.elementor-widget-text-editor.elementor-drop-cap-view-stacked .elementor-drop-cap{background-color:#69727d;color:#fff}.elementor-widget-text-editor.elementor-drop-cap-view-framed .elementor-drop-cap{color:#69727d;border:3px solid;background-color:transparent}.elementor-widget-text-editor:not(.elementor-drop-cap-view-default) .elementor-drop-cap{margin-top:8px}.elementor-widget-text-editor:not(.elementor-drop-cap-view-default) .elementor-drop-cap-letter{width:1em;height:1em}.elementor-widget-text-editor .elementor-drop-cap{float:left;text-align:center;line-height:1;font-size:50px}.elementor-widget-text-editor .elementor-drop-cap-letter{display:inline-block}<\/style>\t\t\t\t<p>El primer libro de la saga Los cuentos lunares El semielfo ya est\u00e1 disponible en Amazon, tanto en f\u00edsico como en versi\u00f3n Ebook.<\/p>\t\t\t\t\t\t<\/div>\n\t\t\t\t<\/div>\n\t\t\t\t\t<\/div>\n\t\t\t\t<\/div>\n\t\t\t\t<\/div>\n\t\t","protected":false},"excerpt":{"rendered":"<p>El primer libro de la saga Los cuentos lunares El semielfo ya est\u00e1 disponible en Amazon, tanto en f\u00edsico como en versi\u00f3n Ebook.<\/p>\n","protected":false},"author":1,"featured_media":0,"parent":0,"menu_order":0,"comment_status":"closed","ping_status":"open","template":"","meta":{"footnotes":""},"_links":{"self":[{"href":"https:\/\/cuentoslunares.com\/index.php\/wp-json\/wp\/v2\/pages\/2"}],"collection":[{"href":"https:\/\/cuentoslunares.com\/index.php\/wp-json\/wp\/v2\/pages"}],"about":[{"href":"https:\/\/cuentoslunares.com\/index.php\/wp-json\/wp\/v2\/types\/page"}],"author":[{"embeddable":true,"href":"https:\/\/cuentoslunares.com\/index.php\/wp-json\/wp\/v2\/users\/1"}],"replies":[{"embeddable":true,"href":"https:\/\/cuentoslunares.com\/index.php\/wp-json\/wp\/v2\/comments?post=2"}],"version-history":[{"count":18,"href":"https:\/\/cuentoslunares.com\/index.php\/wp-json\/wp\/v2\/pages\/2\/revisions"}],"predecessor-version":[{"id":120,"href":"https:\/\/cuentoslunares.com\/index.php\/wp-json\/wp\/v2\/pages\/2\/revisions\/120"}],"wp:attachment":[{"href":"https:\/\/cuentoslunares.com\/index.php\/wp-json\/wp\/v2\/media?parent=2"}],"curies":[{"name":"wp","href":"https:\/\/api.w.org\/{rel}","templated":true}]}}